 number?
True
Is 89592751 a composite number?
True
Is 10542461 composite?
True
Is 7205239 a composite number?
True
Is 595229 a prime number?
True
Is 829747 prime?
False
Is 128693965 composite?
True
Is 69655849 a composite number?
False
Is 520535417 composite?
True
Is 389977 prime?
False
Is 12242651 prime?
True
Is 1550413 composite?
False
Is 1288099 a composite number?
False
Is 632557 prime?
True
Is 4043111 a composite number?
False
Is 15097507 prime?
True
Is 38903119 composite?
False
Is 2198809 a composite number?
True
Is 856958171 prime?
True
Is 237433073 a composite number?
True
Is 4422511 a composite number?
True
Is 18222989 a composite number?
True
Is 1767613 a prime number?
False
Is 92230267 a prime number?
True
Is 20709883 composite?
True
Is 12128593 prime?
False
Is 1817603 a composite number?
False
Is 19716551 a prime number?
False
Is 14666207 a prime number?
True
Is 3596779 a prime number?
False
Is 51785623 prime?
True
Is 53384671 composite?
True
Is 776513 a prime number?
True
Is 129579371 composite?
False
Is 639059 a prime number?
False
Is 30342902 composite?
True
Is 515159 composite?
True
Is 48379193 a prime number?
True
Is 147736555 a prime number?
False
Is 38989411 prime?
True
Is 46870637 prime?
False
Is 11772773 prime?
False
Is 13042571 prime?
True
Is 244147699 a composite number?
False
Is 67151489 a composite number?
True
Is 7588381 a prime number?
False
Is 11505883 a prime number?
True
Is 102654469 a prime number?
False
Is 15250603 composite?
True
Is 40808119 a prime number?
False
Is 11351941 prime?
True
Is 4569503 composite?
True
Is 2047223 a prime number?
False
Is 3799169 a composite number?
True
Is 221547533 a prime number?
True
Is 193330483 composite?
True
Is 56521 prime?
False
Is 2856377 a prime number?
True
Is 363315251 prime?
False
Is 939347 a prime number?
True
Is 8436623 a prime number?
False
Is 2941007 prime?
True
Is 441676407 a prime number?
False
Is 24480713 composite?
False
Is 33207787 prime?
True
Is 156608993 composite?
True
Is 54980971 composite?
True
Is 92106251 a prime number?
True
Is 1960241 a composite number?
True
Is 27676339 composite?
False
Is 75244289 a composite number?
False
Is 2982211 prime?
False
Is 3298979 a composite number?
False
Is 78492047 a composite number?
False
Is 981623 a prime number?
True
Is 80761907 prime?
True
Is 153987707 a prime number?
True
Is 1280023 a prime number?
True
Is 19899679 prime?
True
Is 36953923 a composite number?
True
Is 63331709 a composite number?
True
Is 14409029 a prime number?
True
Is 1097179 a prime number?
True
Is 439498459 composite?
False
Is 7379783 a composite number?
True
Is 15950057 a prime number?
False
Is 496465577 prime?
True
Is 503857729 a composite number?
True
Is 18322883 prime?
False
Is 660029 a composite number?
False
Is 28195879 composite?
False
Is 85684117 a prime number?
True
Is 86526007 prime?
False
Is 247523 prime?
False
Is 24491921 a composite number?
True
Is 25101943 a composite number?
False
Is 29783909 prime?
False
Is 20593465 a composite number?
True
Is 874453 prime?
False
Is 20019547 composite?
False
Is 21533357 prime?
True
Is 203779 prime?
False
Is 177566443 a composite number?
False
Is 3125729 composite?
False
Is 3011287 a composite number?
False
Is 47886623 prime?
True
Is 103040753 composite?
False
Is 21693131 composite?
True
Is 35711057 a composite number?
False
Is 46135133 prime?
False
Is 275623 prime?
True
Is 2517791 prime?
False
Is 22211923 a prime number?
False
Is 2180203 composite?
True
Is 111263137 a prime number?
True
Is 162519419 a prime number?
True
Is 2345401 composite?
False
Is 11472613 a prime number?
True
Is 39689969 composite?
True
Is 718657 a composite number?
False
Is 11754329 composite?
False
Is 764429 a prime number?
False
Is 111666089 composite?
False
Is 47257811 a composite number?
False
Is 102458519 a prime number?
True
Is 16743967 a prime number?
True
Is 588263747 a composite number?
True
Is 6744662 a composite number?
True
Is 2488181 composite?
False
Is 622823 a composite number?
True
Is 42598555 prime?
False
Is 359724383 a composite number?
True
Is 15161781 prime?
False
Is 7710947 composite?
False
Is 1635191 prime?
False
Is 28245827 composite?
True
Is 3091883 composite?
False
Is 9181357 prime?
True
Is 9200119 prime?
True
Is 471957643 a prime number?
True
Is 84869419 composite?
False
Is 369816983 prime?
False
Is 48204386 a composite number?
True
Is 27276671 prime?
True
Is 21020501 prime?
True
Is 233232047 a prime number?
True
Is 106844111 composite?
True
Is 139057991 a composite number?
False
Is 1375931 a prime number?
False
Is 28016771 a prime number?
True
Is 73663853 a prime number?
False
Is 6885507 composite?
True
Is 2896787 a composite number?
False
Is 72901219 a prime number?
False
Is 18654193 prime?
True
Is 71725657 composite?
True
Is 10600613 composite?
True
Is 74138593 a composite number?
False
Is 3383851 composite?
True
Is 18580543 composite?
False
Is 8023049 composite?
True
Is 273257513 composite?
False
Is 121672834 prime?
False
Is 6232787 a prime number?
False
Is 4112701 composite?
False
Is 63890851 prime?
False
Is 1548754 a prime number?
False
Is 8622407 a prime number?
False
Is 78363097 a prime number?
False
Is 83653 prime?
True
Is 6552883 composite?
False
Is 914255 a prime number?
False
Is 2583605 composite?
True
Is 12022783 a composite number?
False
Is 1244935 a composite number?
True
Is 6248677 composite?
False
Is 3727093 prime?
False
Is 2037587 composite?
True
Is 3799013 a prime number?
True
Is 64841401 prime?
True
Is 26474567 a prime number?
False
Is 30829483 prime?
False
Is 31063943 a prime number?
False
Is 34817311 composite?
True
Is 3859501 prime?
True
Is 896237 prime?
False
Is 5242544419 a prime number?
False
Is 173856797 a composite number?
True
Is 148027213 prime?
True
Is 79580387 a prime number?
True
Is 14288291 prime?
True
Is 2755289 a prime number?
True
Is 5141971 prime?
True
Is 9648859 composite?
True
Is 222728861 composite?
True
Is 65685083 prime?
True
Is 67491607 a prime number?
True
Is 1334781581 composite?
True
Is 214709331 a prime number?
False
Is 8605733 composite?
False
Is 8340781 a composite number?
False
Is 16218127 a composite number?
False
Is 1278983 a composite number?
False
Is 1764949 a prime number?
True
Is 85382057 a prime number?
False
Is 82833533 composite?
False
Is 26386319 prime?
True
Is 46031047 composite?
False
Is 8669611 composite?
False
Is 3426337 a composite number?
True
Is 2768707 a prime number?
False
Is 4823591 a composite number?
False
Is 1815782 composite?
True
Is 134009 prime?
False
Is 549817 prime?
True
Is 2598821 prime?
False
Is 2982871 a prime number?
False
Is 6368259 a composite number?
True
Is 415775905 prime?
False
Is 16756777 prime?
False
Is 1785351 a prime number?
False
Is 67766389 composite?
True
Is 68063621 a composite number?
False
Is 12136457 a prime number?
True
Is 73083977 composite?
False
Is 148639629 a prime number?
False
Is 159157 a prime number?
True
Is 5469479 composite?
True
Is 40413733 a prime number?
False
Is 114343 a composite number?
False
Is 1848773 a prime number?
True
Is 76380034 a composite number?
True
Is 5647697 composite?
True
Is 222657 composite?
True
Is 144516563 a prime number?
True
Is 130561751 a composite number?
True
Is 76033957 prime?
True
Is 486588691 a composite number?
True
Is 106087 composite?
False
Is 31783721 a prime number?
True
Is 708103 a composite number?
True
Is 15258217 composite?
True
Is 6777179 a prime number?
False
Is 1150157 prime?
False
Is 593426 prime?
False
Is 1591064549 composite?
False
Is 271208887 a prime number?
True
Is 50762953 a composite number?
False
Is 5449 a prime number?
True
Is 2667913 a prime number?
False
Is 1987411 composite?
False
Is 8974951 prime?
False
Is 87662111 composite?
False
Is 2031563 composite?
False
Is 1019839 a composite number?
False
Is 13575889 a prime number?
True
Is 9589219 a composite number?
False
Is 800399 a composite number?
False
Is 46301659 a composite number?
True
Is 12229139 prime?
False
Is 8493697 composite?
False
Is 6491029 prime?
False
Is 35790331 composite?
False
Is 13686731 a prime number?
False
Is 4049029 prime?
True
Is 3882757 composite?
True
Is 8499409 composite?
False
Is 5552969 prime?
False
Is 11213147 a composite number?
True
Is 9705481 composite?